{"id":2,"date":"2023-01-21T19:19:28","date_gmt":"2023-01-21T18:19:28","guid":{"rendered":"https:\/\/partyspajou.cz\/?page_id=2"},"modified":"2023-01-24T10:37:15","modified_gmt":"2023-01-24T09:37:15","slug":"zkusebni-stranka","status":"publish","type":"page","link":"https:\/\/partyspajou.cz\/","title":{"rendered":"Ahoj"},"content":{"rendered":"\n<p class=\"has-black-color has-text-color\">Hled\u00e1te n\u011bkoho, kdo V\u00e1m zajist\u00ed program pro d\u011bti na <strong>ma\u0161karn\u00ed b\u00e1l<\/strong>, <strong>d\u011btsk\u00fd den<\/strong>, <strong>narozeninovou p\u00e1rty<\/strong> <strong>a jin\u00e9<\/strong> s&nbsp;\u017eivou muzikou i d\u011btskou diskot\u00e9kou? Pak jste na spr\u00e1vn\u00e9m m\u00edst\u011b.<\/p>\n\n\n\n<p class=\"has-black-color has-text-color\">Jmenuji se Pavla Ulmov\u00e1 a s&nbsp;d\u011btmi pracuji u\u017e 10 let jako asistentka ve \u0161kole. Hudba a jin\u00e9 aktivity s&nbsp;d\u011btmi jsou m\u00fdm kon\u00ed\u010dkem! Od 15-ti let jsem zp\u00edvala na r\u016fzn\u00fdch oslav\u00e1ch, svatb\u00e1ch i b\u00e1lech pro d\u011bti se sv\u00fdm otcem Pavlem Justichem. Te\u010f za\u010d\u00edn\u00e1m sama se sv\u00fdm anima\u010dn\u00edm programem.<\/p>\n\n\n\n<p class=\"has-black-color has-text-color\">Zajist\u00edm cel\u00fd program: <strong>sout\u011b\u017ee, balonky, \u017eivou muziku i d\u011btsk\u00e9 disko, sk\u00e1kac\u00ed hrad, modelov\u00e1n\u00ed zv\u00ed\u0159\u00e1tka z&nbsp;balonk\u016f <\/strong>(ka\u017ed\u00e9 d\u00edt\u011b si vytvo\u0159\u00ed s&nbsp;rodi\u010dem svoje, aby \u017e\u00e1dn\u00e9 nebylo smutn\u00e9, \u017ee nem\u00e1). <strong>Nau\u010d\u00edme se spole\u010dn\u00fd tanec ma\u0161kar, nebo oslavenc\u016f <\/strong>(z\u00e1le\u017e\u00ed na typu p\u00e1rty).<strong> Zkr\u00e1tka zapoj\u00edm v\u0161echny d\u011bti, aby se dob\u0159e bavily.<\/strong><\/p>\n\n\n\n<p class=\"has-black-color has-text-color\">M\u00e1m k\u00a0dispozici <strong>profi aparaturu, osv\u011btlen\u00ed, bublinkova\u010d, mlhova\u010d, sk\u00e1kac\u00ed hrad a sout\u011b\u017ee<\/strong>. Po domluv\u011b zajist\u00edm i drobn\u00e9 odm\u011bny za sout\u011b\u017ee.<\/p>\n\n\n\n<p class=\"has-black-color has-text-color\">Individu\u00e1ln\u00ed domluva nutn\u00e1, dle prostor\u016f a o\u010dek\u00e1van\u00e9ho po\u010dtu d\u011bt\u00ed. Na v\u0161em se d\u00e1 domluvit dle va\u0161ich p\u0159edstav. S\u00a0jak\u00fdmkoliv dotazem se na m\u011b kdykoliv obra\u0165te.<\/p>\n\n\n\n<p class=\"has-black-color has-text-color\">T\u011b\u0161\u00edm se na spolupr\u00e1ci s&nbsp;V\u00e1mi<\/p>\n","protected":false},"excerpt":{"rendered":"<p>Hled\u00e1te n\u011bkoho, kdo V\u00e1m zajist\u00ed program pro d\u011bti na ma\u0161karn\u00ed b\u00e1l, d\u011btsk\u00fd den, narozeninovou p\u00e1rty a jin\u00e9 s&nbsp;\u017eivou muzikou i d\u011btskou diskot\u00e9kou? Pak jste na spr\u00e1vn\u00e9m m\u00edst\u011b. Jmenuji se Pavla Ulmov\u00e1 a s&nbsp;d\u011btmi pracuji u\u017e 10 let jako asistentka ve \u0161kole. Hudba a jin\u00e9 aktivity <span class=\"read-more\"><a class=\"more-link btn btn-transparent\" href=\"https:\/\/partyspajou.cz\/\">Read More &#8230;<\/a><\/span><\/p>\n","protected":false},"author":1,"featured_media":0,"parent":0,"menu_order":0,"comment_status":"closed","ping_status":"open","template":"","meta":{"footnotes":""},"class_list":["post-2","page","type-page","status-publish","hentry"],"_links":{"self":[{"href":"https:\/\/partyspajou.cz\/index.php?rest_route=\/wp\/v2\/pages\/2","targetHints":{"allow":["GET"]}}],"collection":[{"href":"https:\/\/partyspajou.cz\/index.php?rest_route=\/wp\/v2\/pages"}],"about":[{"href":"https:\/\/partyspajou.cz\/index.php?rest_route=\/wp\/v2\/types\/page"}],"author":[{"embeddable":true,"href":"https:\/\/partyspajou.cz\/index.php?rest_route=\/wp\/v2\/users\/1"}],"replies":[{"embeddable":true,"href":"https:\/\/partyspajou.cz\/index.php?rest_route=%2Fwp%2Fv2%2Fcomments&post=2"}],"version-history":[{"count":11,"href":"https:\/\/partyspajou.cz\/index.php?rest_route=\/wp\/v2\/pages\/2\/revisions"}],"predecessor-version":[{"id":49,"href":"https:\/\/partyspajou.cz\/index.php?rest_route=\/wp\/v2\/pages\/2\/revisions\/49"}],"wp:attachment":[{"href":"https:\/\/partyspajou.cz\/index.php?rest_route=%2Fwp%2Fv2%2Fmedia&parent=2"}],"curies":[{"name":"wp","href":"https:\/\/api.w.org\/{rel}","templated":true}]}}